-319*p + 31. Let g(c) = 8*r(c) - 5*w(c). What are the prime factors of g(-6)?
3, 5
Suppose 2*r - 1299 = 4*q + 363, 2*r - q = 1671. What are the prime factors of r?
3, 31
What are the prime factors of (12 - 7) + (-182)/52 - (-10743)/2?
3, 199
Let q = -85018 - -128100. What are the prime factors of q?
2, 13, 1657
Suppose 17*f + 3*d + 12627 = 20*f, -d = -5*f + 21033. What are the prime factors of f?
2, 3, 701
Suppose 0*o = -5*p - 4*o + 3, 0 = -4*p + 3*o + 21. Suppose -4*i = p*i. Suppose -75 = -g + h, -4*g - h - 150 + 440 = i. List the prime factors of g.
73
Suppose 505 = 5*w + 6*z - 3*z, 0 = 2*z. List the prime factors of (-4 - -4) + (w - 3).
2, 7
Suppose -6*n = -4*n. Suppose -5*y = d + 2, n*d + d + 2 = -3*y. Let s(m) = -14*m**3 - 3*m**2 + m + 2. List the prime factors of s(d).
2, 5
Suppose 2*j + 3*o = -17, -4*j + 2*o - o = 13. Let b(s) = 4*s**2 - 5*s + 4. Let f be b(j). Suppose -q + f = q. List the prime factors of q.
2, 11
Suppose -2*o = -3 - 1. Suppose -3*k - 28 + 12 = 5*g, -o*k - 2*g = 4. Suppose 0 = k*s + c - 742, 5*c + 424 = -3*s + 1158. List the prime factors of s.
2, 31
Let l(q) = -q**3 - 46*q**2 + 1005*q - 185. What are the prime factors of l(-65)?
5, 2953
Let c(m) = -1. Let x(y) = -26*y. Let f(j) = 5*c(j) - x(j). Suppose -4*d - 18*t + 12 = -19*t, -3*t + 28 = 4*d. List the prime factors of f(d).
3, 11
Let f be (10/40)/(3/12). What are the prime factors of 1/4 - 1486*f/(-8)?
2, 3, 31
Let i = -50057 + 78381. What are the prime factors of i?
2, 73, 97
Let w be 4/(-9) - (-28011)/27. Let u = w + -78. What are the prime factors of u?
7, 137
Let r = -669 + 673. Suppose r*f - 563 = -111. What are the prime factors of f?
113
Let n = -75 + 81. Let r(c) = -n + 2 + 0 - 125*c. What are the prime factors of r(-1)?
11
Let d(z) = -z**2 + 8*z - 10. Let p be d(4). List the prime factors of 18/8*784/p.
2, 3, 7
Let h = -16 + 23. Suppose -5*b - 2*b - h = 0. Let f(s) = 248*s**2 + 7*s + 6. List the prime factors of f(b).
13, 19
Let v = 60 - 55. Suppose 1 = -m - 3*m - 5*t, 4*t = v*m - 9. What are the prime factors of (-22)/(-55) + m*(-573)/(-5)?
5, 23
Suppose -20146 = -2*h + 2*o - 3*o, 4*h + 6*o = 40276. List the prime factors of h.
5, 13, 31
Let u = -175 + 175. Suppose 0 = 4*w - 3*c - 274, -w - 5*c + 80 = -u*c. What are the prime factors of w?
2, 5, 7
What are the prime factors of (-3137674)/981*(-27)/6?
37, 389
Let r(q) be the second derivative of q**4/12 - 2*q**3 + 41*q**2/2 + 2*q - 1. What are the prime factors of r(-16)?
3, 163
Let r(f) = 13*f + 2558. List the prime factors of r(-4).
2, 7, 179
Let w(b) = -b**3 - b**2 - b - 1. Let v be w(-3). Let a be 1/(-3) + 1349/(-57). List the prime factors of a/v*(-390)/4.
3, 13
Suppose -2383809 = -78*f + 1631823 - 863184. List the prime factors of f.
2, 3, 421
Let n(x) be the third derivative of -9*x**4/8 + 35*x**3 + 220*x**2. List the prime factors of n(-26).
2, 3, 19
Suppose 0 = 237*a - 268*a + 98735. What are the prime factors of a?
5, 7, 13
Let k = 48 + -7. Suppose -4*d = -k - 31. Suppose 0 = 2*w - 3*t - 31, 5*w + 4*t = -d + 153. List the prime factors of w.
23
Suppose 11*q - 10800 = 3*q. Suppose -1302 = -6*a + q. Suppose 3*u - 7*u = -3*y + a, -2*y + 2*u = -292. What are the prime factors of y?
2, 71
Suppose -5*h + 9 + 46 = 0. Suppose -4*r = -r + 3*o - 78, -r + 4*o + h = 0. Let a = 99 - r. List the prime factors of a.
2, 19
Suppose 0*u + 4*i - 4 = -4*u, 0 = -4*u + 3*i + 32. Suppose -4*d + 540 = l, 3*d - 1387 = u*l - 4133. List the prime factors of l.
2, 137
Suppose -119633 = -79*p + 72*p - 2*o, 3*p = -5*o + 51292. What are the prime factors of p?
23, 743
Let c(n) = n**3 + 20*n**2 + 38*n + 5. Let b be c(-18). Let m = b - -148. List the prime factors of (-1912)/(-18) - 26/m.
2, 53
Let b(v) = 4*v + 31. Let a be b(-7). Suppose -27 - 6 = a*z. Let q(k) = k**2 + 6*k + 9. List the prime factors of q(z).
2
What are the prime factors of 9 + (45004 - 0/(-2) - 11)?
2, 22501
Suppose 0 = -4*p - 5*k, -5*k = 4*p - 7*p + 35. Suppose -163 = m + p. Let h = m + 294. List the prime factors of h.
2, 3, 7
Let y(q) be the third derivative of q**5/60 + q**4/24 + 7*q**3/6 - q**2. Suppose -193 - 641 = -139*u. List the prime factors of y(u).
7
Let n = 182 - 66. Let o = n - -65. List the prime factors of o.
181
Let d(n) = 2*n**2 - 2*n. Let s be 3*(-10)/5*1. Let x be s/21 + 40/(-7). List the prime factors of d(x).
2, 3, 7
Suppose -4*d = 36 - 12. Let q be 3 + -7 + d + -4. Let w = -9 - q. What are the prime factors of w?
5
Let z = -20 - -28. Let a be (-3)/(-2)*3*296/18. Suppose a = z*q - 7*q. What are the prime factors of q?
2, 37
Let g(w) = w**2 - 9*w + 23. Let c be (30/(-45))/((-4)/42). Let u be g(c). Suppose u*k - 4*k = 125. What are the prime factors of k?
5
Let j(w) = w + 11. Let b be j(-8). Suppose 3*k + k - 141 = -s, -b*s + 99 = 3*k. List the prime factors of k.
2, 3
Let y(w) = -w**2 + 4*w - 15. Let z be y(3). What are the prime factors of ((-28371)/z)/7 + 1/4?
2, 13
Let p = 12197 + -8146. What are the prime factors of p?
4051
Let j(g) = 349*g**2 - 95*g - 229. What are the prime factors of j(-13)?
223, 269
Let f(g) = 53*g**2 + 23*g + 724. List the prime factors of f(-18).
2, 8741
Suppose 4*s - 5*l = 4538, -l + 891 = 2*s - 1371. Suppose 19*c - s = 17*c. List the prime factors of c.
2, 283
Suppose -37 = 9*q - 1. What are the prime factors of 4/14 + ((-23712)/28)/q?
2, 53
Let b be ((-126)/(-24) + -5)*120956. Suppose 23*i - b = 1593. What are the prime factors of i?
2, 173
Suppose 284 = -2*f + 976. Suppose 5*l + f = t, 7*t - 1316 = 3*t + 3*l. What are the prime factors of t?
2, 163
Suppose 3*i + 14110 = 5*i - c, -i - c + 7049 = 0. What are the prime factors of i?
3, 2351
Suppose -k - 4*s = -1, -5*k + s = -8*k + 14. Suppose 22*f = 25*f + 2*l - 1185, -k*f + 1994 = -3*l. List the prime factors of f.
397
Let g be 49/(-196) + (-22)/8. List the prime factors of -3*1/g - (-365 + 2).
2, 7, 13
Let n = 46 - 25. Suppose n = -3*h + 381. Suppose g - h = -2*g. List the prime factors of g.
2, 5
Suppose 10*p - 160 = 10. Suppose -24*n + 4585 = -p*n. What are the prime factors of n?
5, 131
Let u = 6 - 9. Suppose 0 = -4*b + 6 + 2. What are the prime factors of (u/b)/((-42)/1484)?
53
Let p = -4030 - -13832. What are the prime factors of p?
2, 13, 29
Let h = -57648 + 81734. List the prime factors of h.
2, 12043
Let d(s) = -11 - 97 + 0*s + 45*s + 222*s. What are the prime factors of d(3)?
3, 7, 11
Suppose -33*n = -25*n - 240. Let c(k) = 29*k - 159. What are the prime factors of c(n)?
3, 79
Let x(w) = -10*w**2 - 6*w - 8. Let h be x(5). What are the prime factors of (h/(-14))/((-51)/(-238))?
2, 3
Let n = -325 - 932. Suppose g - s = 7, 3*g + 2*s = -0*g + 6. List the prime factors of 1/(g - n/(-315)).
3, 5, 7
Let d = -4421 - -9062. List the prime factors of d.
3, 7, 13, 17
Let y = 377 - 219. Suppose -17*a = -15*a - y. What are the prime factors of a?
79
Let h(j) be the first derivative of 8 + 88*j - 1/2*j**2. What are the prime factors of h(0)?
2, 11
Suppose 910*i - 2896 = 909*i. What are the prime factors of i?
2, 181
Let r be (1 - 6)/(-4*5/(-40)). List the prime factors of (-9728)/r + 212/(-265).
2, 3
Suppose -5*r + 193 + 3865 = 3*w, -4018 = -3*w + 5*r. Suppose y - 908 = -5*q - 248, 2*y - w = 3*q. List the prime factors of y.
2, 5, 67
Let s = 53 - 53. Suppose -2*n + 7*n - 550 = s. Suppose 2*l = w - 2*l - n, -4*w + l + 380 = 0. What are the prime factors of w?
2, 47
Suppose 78*c - 104705 - 658293 - 527044 = 0. What are the prime factors of c?
3, 37, 149
Let a(u) = 5*u**2 + 2*u - 1. Let s be a(3). Suppose 93 = 3*l - 3*f - 0, 158 = 5*l - 2*f. Let r = s + l. What are the prime factors of r?
2, 41
Let p(a) = -4*a + 23. Let s = 90 - 85. Let d be p(s). List the prime factors of 1773/(-6)*(-2)/d.
197
Suppose -5*m = -m - 40. Suppose -7*u + m = 3. What are the prime factors of 92/8 - u/2?
11
Let i = 529 - 1346. Let n = 1164 + i. What are the prime factors of n?
347
Let t = -41 + -854. Let a = -587 - t. List the prime factors of a.
2, 7, 11
Suppose 21 = 8*q - 11. Suppose -q*v + 1750 = 5*t, 5*v - 703 - 697 = -4*t. What are the prime factors of t?
2, 5, 7
Let r(o) = -871*o**3 + 9*o**2 - 68*o - 7. List the prime factors of r(-4).
233, 241
Let d be (-18 + 15)/((-6)/4). Suppose 0*y = -d*z + 2*y + 932, 3*y - 1422 = -3*z. What are the prime factors of z?
2, 5, 47
Suppose 0 = -k 